{"id":1022,"date":"2022-05-23T15:38:47","date_gmt":"2022-05-23T13:38:47","guid":{"rendered":"https:\/\/onzemm.com\/?page_id=1022"},"modified":"2022-05-24T19:30:52","modified_gmt":"2022-05-24T17:30:52","slug":"politique-de-retours","status":"publish","type":"page","link":"https:\/\/onzemm.com\/index.php\/politique-de-retours\/","title":{"rendered":"Politique de retours"},"content":{"rendered":"\n\n[et_pb_section fb_built=\u00a0\u00bb1&Prime; _builder_version=\u00a0\u00bb4.16&Prime; custom_padding=\u00a0\u00bb28px|||||\u00a0\u00bb global_colors_info=\u00a0\u00bb{}\u00a0\u00bb][et_pb_row _builder_version=\u00a0\u00bb4.16&Prime; global_colors_info=\u00a0\u00bb{}\u00a0\u00bb][et_pb_column type=\u00a0\u00bb4_4&Prime; _builder_version=\u00a0\u00bb4.16&Prime; global_colors_info=\u00a0\u00bb{}\u00a0\u00bb][et_pb_text _builder_version=\u00a0\u00bb4.17.3&Prime; text_font=\u00a0\u00bbOpen Sans|300|||||||\u00a0\u00bb text_text_color=\u00a0\u00bb#232323&Prime; text_font_size=\u00a0\u00bb16px\u00a0\u00bb text_line_height=\u00a0\u00bb1.8em\u00a0\u00bb header_font=\u00a0\u00bbOpen Sans|800|||||||\u00a0\u00bb header_line_height=\u00a0\u00bb1.6em\u00a0\u00bb hover_enabled=\u00a0\u00bb0&Prime; global_colors_info=\u00a0\u00bb{}\u00a0\u00bb sticky_enabled=\u00a0\u00bb0&Prime;]<h1>Politique de retours<\/h1>\n<p>&#8212;-<\/p>\n<p>Notre politique dure 30\u00a0jours. Si plus de 30\u00a0jours se sont \u00e9coul\u00e9s depuis votre achat, nous ne pouvons malheureusement offrir ni remboursement ni \u00e9change.<\/p>\n<p>Pour pouvoir \u00eatre retourn\u00e9, votre article doit \u00eatre inutilis\u00e9 et dans l&rsquo;\u00e9tat o\u00f9 vous l&rsquo;avez re\u00e7u. Il doit aussi \u00eatre dans son emballage d&rsquo;origine.<\/p>\n<p>Pour compl\u00e9ter votre retour, nous exigeons un re\u00e7u ou une preuve d&rsquo;achat.<\/p>\n<p>Une fois votre retour re\u00e7u et inspect\u00e9, nous vous adresserons un e-mail pour vous indiquer que nous avons re\u00e7u l&rsquo;article retourn\u00e9. Nous vous pr\u00e9ciserons \u00e9galement si votre remboursement est approuv\u00e9 ou refus\u00e9.<br \/>S&rsquo;il est approuv\u00e9, votre remboursement est alors trait\u00e9 et votre carte de cr\u00e9dit ou moyen de paiement initial se voit cr\u00e9dit\u00e9(e) automatiquement dans un d\u00e9lai de quelques jours.<\/p>\n<p>&nbsp;<\/p>\n<p><strong>Remboursements retard\u00e9s ou manquants (le cas \u00e9ch\u00e9ant)<\/strong><\/p>\n<p>Si vous n&rsquo;avez pas encore re\u00e7u de remboursement, rev\u00e9rifiez d&rsquo;abord votre compte bancaire.<br \/>Puis contactez la soci\u00e9t\u00e9 \u00e9mettrice de votre carte de cr\u00e9dit, car il se peut que l&rsquo;affichage officiel de votre remboursement prenne un peu de temps.<br \/>Ensuite, contactez votre banque. L&rsquo;affichage d&rsquo;un remboursement est souvent pr\u00e9c\u00e9d\u00e9 d&rsquo;un d\u00e9lai de traitement.<br \/>Si vous avez effectu\u00e9 toutes ces d\u00e9marches et que vous n&rsquo;avez toujours pas re\u00e7u votre remboursement, contactez-nous \u00e0 l&rsquo;adresse suivante : <a href=\"mailto:contact@onzemm.com\">contact@onzemm.com<\/a>.<\/p>\n<p>&nbsp;<\/p>\n<p><strong>\u00c9changes (le cas \u00e9ch\u00e9ant)<\/strong><\/p>\n<p>Nous ne rempla\u00e7ons que les articles initialement d\u00e9fectueux ou endommag\u00e9s. Si vous devez remplacer le v\u00f4tre par le m\u00eame article, adressez-nous un e-mail \u00e0 contact@onzemm.com et envoyez votre article \u00e0 : 7 rue des Taillandiers, Paris, 75011 , France.<\/p>\n<p>&nbsp;<\/p>\n<p><strong>Exp\u00e9dition<\/strong><\/p>\n<p>Pour retourner votre produit, vous devez l&rsquo;envoyer \u00e0 l&rsquo;adresse postale suivante\u00a0: 7 rue des Taillandiers, Paris, 75011 , France.<\/p>\n<p>Les co\u00fbts d&rsquo;exp\u00e9dition li\u00e9s au retour de votre article sont \u00e0 votre charge. Ils ne sont pas remboursables. Si vous recevez un remboursement, le co\u00fbt d&rsquo;exp\u00e9dition du retour en sera d\u00e9duit.<\/p>\n<p>Selon l&rsquo;endroit o\u00f9 vous vivez, le d\u00e9lai de r\u00e9ception de votre produit \u00e9chang\u00e9 peut varier.<\/p>\n<p>Si vous exp\u00e9diez un article d&rsquo;une valeur sup\u00e9rieure \u00e0 75\u00a0\u20ac, nous vous recommandons d&rsquo;utiliser un service de suivi d&rsquo;exp\u00e9dition ou de faire assurer votre envoi. Nous ne garantissons pas que nous recevrons l&rsquo;article retourn\u00e9.<\/p>[\/et_pb_text][\/et_pb_column][\/et_pb_row][\/et_pb_section]\n\n","protected":false},"excerpt":{"rendered":"<p>Politique de retours &#8212;- Notre politique dure 30\u00a0jours. Si plus de 30\u00a0jours se sont \u00e9coul\u00e9s depuis votre achat, nous ne pouvons malheureusement offrir ni remboursement ni \u00e9change. Pour pouvoir \u00eatre retourn\u00e9, votre article doit \u00eatre inutilis\u00e9 et dans l&rsquo;\u00e9tat o\u00f9 vous l&rsquo;avez re\u00e7u. Il doit aussi \u00eatre dans son emballage d&rsquo;origine. Pour compl\u00e9ter votre retour, [&hellip;]<\/p>\n","protected":false},"author":3,"featured_media":1134,"parent":0,"menu_order":0,"comment_status":"closed","ping_status":"closed","template":"","meta":{"_et_pb_use_builder":"on","_et_pb_old_content":"","_et_gb_content_width":"","inline_featured_image":false,"footnotes":""},"class_list":["post-1022","page","type-page","status-publish","has-post-thumbnail","hentry"],"yoast_head":"<!-- This site is optimized with the Yoast SEO plugin v21.5 - https:\/\/yoast.com\/wordpress\/plugins\/seo\/ -->\n<title>Politique de retours - Onze mm<\/title>\n<meta name=\"robots\" content=\"noindex, nofollow\" \/>\n<meta property=\"og:locale\" content=\"fr_FR\" \/>\n<meta property=\"og:type\" content=\"article\" \/>\n<meta property=\"og:title\" content=\"Politique de retours - Onze mm\" \/>\n<meta property=\"og:description\" content=\"Politique de retours ---- Notre politique dure 30\u00a0jours. Si plus de 30\u00a0jours se sont \u00e9coul\u00e9s depuis votre achat, nous ne pouvons malheureusement offrir ni remboursement ni \u00e9change. Pour pouvoir \u00eatre retourn\u00e9, votre article doit \u00eatre inutilis\u00e9 et dans l&#039;\u00e9tat o\u00f9 vous l&#039;avez re\u00e7u. Il doit aussi \u00eatre dans son emballage d&#039;origine. Pour compl\u00e9ter votre retour, [&hellip;]\" \/>\n<meta property=\"og:url\" content=\"https:\/\/onzemm.com\/index.php\/politique-de-retours\/\" \/>\n<meta property=\"og:site_name\" content=\"Onze mm\" \/>\n<meta property=\"article:modified_time\" content=\"2022-05-24T17:30:52+00:00\" \/>\n<meta property=\"og:image\" content=\"https:\/\/onzemm.com\/wp-content\/uploads\/2022\/05\/logo-Onze-mm.png\" \/>\n\t<meta property=\"og:image:width\" content=\"345\" \/>\n\t<meta property=\"og:image:height\" content=\"389\" \/>\n\t<meta property=\"og:image:type\" content=\"image\/png\" \/>\n<meta name=\"twitter:card\" content=\"summary_large_image\" \/>\n<meta name=\"twitter:label1\" content=\"Dur\u00e9e de lecture estim\u00e9e\" \/>\n\t<meta name=\"twitter:data1\" content=\"2 minutes\" \/>\n<script type=\"application\/ld+json\" class=\"yoast-schema-graph\">{\"@context\":\"https:\/\/schema.org\",\"@graph\":[{\"@type\":\"WebPage\",\"@id\":\"https:\/\/onzemm.com\/index.php\/politique-de-retours\/\",\"url\":\"https:\/\/onzemm.com\/index.php\/politique-de-retours\/\",\"name\":\"Politique de retours - Onze mm\",\"isPartOf\":{\"@id\":\"https:\/\/onzemm.com\/#website\"},\"datePublished\":\"2022-05-23T13:38:47+00:00\",\"dateModified\":\"2022-05-24T17:30:52+00:00\",\"breadcrumb\":{\"@id\":\"https:\/\/onzemm.com\/index.php\/politique-de-retours\/#breadcrumb\"},\"inLanguage\":\"fr-FR\",\"potentialAction\":[{\"@type\":\"ReadAction\",\"target\":[\"https:\/\/onzemm.com\/index.php\/politique-de-retours\/\"]}]},{\"@type\":\"BreadcrumbList\",\"@id\":\"https:\/\/onzemm.com\/index.php\/politique-de-retours\/#breadcrumb\",\"itemListElement\":[{\"@type\":\"ListItem\",\"position\":1,\"name\":\"Accueil\",\"item\":\"https:\/\/onzemm.com\/\"},{\"@type\":\"ListItem\",\"position\":2,\"name\":\"Politique de retours\"}]},{\"@type\":\"WebSite\",\"@id\":\"https:\/\/onzemm.com\/#website\",\"url\":\"https:\/\/onzemm.com\/\",\"name\":\"Onze mm\",\"description\":\"Cr\u00e9ation de maquettes d&#039;architecture\",\"potentialAction\":[{\"@type\":\"SearchAction\",\"target\":{\"@type\":\"EntryPoint\",\"urlTemplate\":\"https:\/\/onzemm.com\/?s={search_term_string}\"},\"query-input\":\"required name=search_term_string\"}],\"inLanguage\":\"fr-FR\"}]}<\/script>\n<!-- \/ Yoast SEO plugin. -->","yoast_head_json":{"title":"Politique de retours - Onze mm","robots":{"index":"noindex","follow":"nofollow"},"og_locale":"fr_FR","og_type":"article","og_title":"Politique de retours - Onze mm","og_description":"Politique de retours ---- Notre politique dure 30\u00a0jours. Si plus de 30\u00a0jours se sont \u00e9coul\u00e9s depuis votre achat, nous ne pouvons malheureusement offrir ni remboursement ni \u00e9change. Pour pouvoir \u00eatre retourn\u00e9, votre article doit \u00eatre inutilis\u00e9 et dans l'\u00e9tat o\u00f9 vous l'avez re\u00e7u. Il doit aussi \u00eatre dans son emballage d'origine. Pour compl\u00e9ter votre retour, [&hellip;]","og_url":"https:\/\/onzemm.com\/index.php\/politique-de-retours\/","og_site_name":"Onze mm","article_modified_time":"2022-05-24T17:30:52+00:00","og_image":[{"width":345,"height":389,"url":"https:\/\/onzemm.com\/wp-content\/uploads\/2022\/05\/logo-Onze-mm.png","type":"image\/png"}],"twitter_card":"summary_large_image","twitter_misc":{"Dur\u00e9e de lecture estim\u00e9e":"2 minutes"},"schema":{"@context":"https:\/\/schema.org","@graph":[{"@type":"WebPage","@id":"https:\/\/onzemm.com\/index.php\/politique-de-retours\/","url":"https:\/\/onzemm.com\/index.php\/politique-de-retours\/","name":"Politique de retours - Onze mm","isPartOf":{"@id":"https:\/\/onzemm.com\/#website"},"datePublished":"2022-05-23T13:38:47+00:00","dateModified":"2022-05-24T17:30:52+00:00","breadcrumb":{"@id":"https:\/\/onzemm.com\/index.php\/politique-de-retours\/#breadcrumb"},"inLanguage":"fr-FR","potentialAction":[{"@type":"ReadAction","target":["https:\/\/onzemm.com\/index.php\/politique-de-retours\/"]}]},{"@type":"BreadcrumbList","@id":"https:\/\/onzemm.com\/index.php\/politique-de-retours\/#breadcrumb","itemListElement":[{"@type":"ListItem","position":1,"name":"Accueil","item":"https:\/\/onzemm.com\/"},{"@type":"ListItem","position":2,"name":"Politique de retours"}]},{"@type":"WebSite","@id":"https:\/\/onzemm.com\/#website","url":"https:\/\/onzemm.com\/","name":"Onze mm","description":"Cr\u00e9ation de maquettes d&#039;architecture","potentialAction":[{"@type":"SearchAction","target":{"@type":"EntryPoint","urlTemplate":"https:\/\/onzemm.com\/?s={search_term_string}"},"query-input":"required name=search_term_string"}],"inLanguage":"fr-FR"}]}},"_links":{"self":[{"href":"https:\/\/onzemm.com\/index.php\/wp-json\/wp\/v2\/pages\/1022","targetHints":{"allow":["GET"]}}],"collection":[{"href":"https:\/\/onzemm.com\/index.php\/wp-json\/wp\/v2\/pages"}],"about":[{"href":"https:\/\/onzemm.com\/index.php\/wp-json\/wp\/v2\/types\/page"}],"author":[{"embeddable":true,"href":"https:\/\/onzemm.com\/index.php\/wp-json\/wp\/v2\/users\/3"}],"replies":[{"embeddable":true,"href":"https:\/\/onzemm.com\/index.php\/wp-json\/wp\/v2\/comments?post=1022"}],"version-history":[{"count":6,"href":"https:\/\/onzemm.com\/index.php\/wp-json\/wp\/v2\/pages\/1022\/revisions"}],"predecessor-version":[{"id":1263,"href":"https:\/\/onzemm.com\/index.php\/wp-json\/wp\/v2\/pages\/1022\/revisions\/1263"}],"wp:featuredmedia":[{"embeddable":true,"href":"https:\/\/onzemm.com\/index.php\/wp-json\/wp\/v2\/media\/1134"}],"wp:attachment":[{"href":"https:\/\/onzemm.com\/index.php\/wp-json\/wp\/v2\/media?parent=1022"}],"curies":[{"name":"wp","href":"https:\/\/api.w.org\/{rel}","templated":true}]}}